. What is the highest common factor of a and y?
29
Let b = 10458 - 5253. What is the highest common divisor of 15 and b?
15
Let n = 29 - -4. Let i = n + -31. Suppose 22 = i*r - 32. What is the highest common divisor of r and 108?
27
Let h = 27517 + -27289. Calculate the highest common divisor of h and 1197.
57
Suppose -g + 36 = 3*g. Suppose -g*v - 2987 - 541 = 0. Let b be (-5 - v/24)/(2/9). Calculate the highest common factor of b and 357.
51
Let w = 74 + -45. Let u = w + -21. Let d = -470 + 542. Calculate the highest common factor of d and u.
8
Let r = -39 + 41. Suppose k = -r*k + 9. Suppose 7*c = -k*c + 750. Calculate the highest common factor of c and 30.
15
Let y = -3622 - -3934. Calculate the highest common divisor of y and 9.
3
Let h = 464 + -299. Let f be 33/3 + (-2)/(-9)*423. Calculate the greatest common factor of h and f.
15
Let m be (14 - 7) + -21 - -14546. Calculate the highest common divisor of 84 and m.
84
Let a = -117 + 119. Let m be (-142)/(-4) - a/8*2. Suppose -26*g + 29*g = 21. Calculate the highest common factor of m and g.
7
Let l = -31493 + 31961. What is the greatest common factor of 18 and l?
18
Suppose -417*m + 420*m = 4*p - 288, -3*p + 2*m = -216. Calculate the greatest common divisor of p and 486.
18
Let p be -3*(-13)/(-4)*4/3. Let m(f) = f**3 + 15*f**2 + 14*f - 4. Let n be m(p). Suppose 3*x = -x + n. Calculate the greatest common factor of x and 266.
38
Suppose -4*b + 7089 = 3*s - 6*s, 0 = -b + 4*s + 1782. Calculate the highest common factor of b and 270.
30
Let d be 24*((-300)/(-24) + 0). What is the highest common divisor of 1350 and d?
150
Suppose 0 = -22*q - 47 + 113. Suppose -4*w + 224 = q*w. What is the highest common factor of w and 320?
32
Suppose 3*s - 6*j - 195 = 0, -33*j = 2*s - 28*j - 94. What is the greatest common divisor of s and 5111?
19
Let w(c) = -2*c**2 - 39*c - 45. Let h be ((-12)/8)/(((-5)/12)/(-5)). Let x be w(h). Calculate the highest common divisor of 72 and x.
9
Let x(h) = -302*h - 1324. Let w be x(-5). What is the greatest common factor of w and 13578?
186
Let u(g) = 3517*g**3 + 3*g**2 - g + 1. Let v be u(1). What is the greatest common divisor of 275 and v?
55
Let s = 726 + -713. Let w be 4/6*(-1 + -2). Let a be ((-9)/12)/(w/104). Calculate the highest common factor of a and s.
13
Suppose 0 = -6*n + 5*n - 30. Let y be 80 - (-40)/n*-6. What is the greatest common divisor of y and 616?
88
Let j(b) = b**2 - 24*b + 95. Let p be j(9). Let c be 2/5 + (-954)/(-15). Let y = c + p. What is the greatest common divisor of y and 6?
6
Let a = -6213 + 6593. Calculate the greatest common divisor of 304 and a.
76
Let z = 51 + -20. Suppose z*t - 34*t = -6. Let c be ((-5)/t)/(3 + (-28)/8). Calculate the greatest common factor of c and 20.
5
Suppose -6*u = 20*u - 1638. Suppose k + 2*k = 4*a - 252, a - k = u. What is the highest common divisor of 7 and a?
7
Suppose 0 = 4*a + 2*x - 2686, 3*a - 3*x - 815 - 1195 = 0. Let d(m) = 62*m**2 - 922*m + 921. Let o be d(1). Calculate the greatest common factor of a and o.
61
Let x = 5089 + -5077. Calculate the greatest common factor of x and 128.
4
Let u(k) = k**3 + 44*k**2 - 254*k - 249. Let w be u(-49). What is the highest common factor of 912 and w?
48
Suppose -6396 - 2340 = -224*m. Calculate the greatest common divisor of 9204 and m.
39
Let z = 545 + 233. Let c = z - 496. What is the highest common factor of 47 and c?
47
Suppose -2*y = -6*y - 12. Let q be (2 - (-12)/y) + 66. Suppose t - 252 = -3*t + 3*w, t - w = q. Calculate the greatest common factor of t and 24.
12
Let d = 11 - -13. Let y(s) = 2*s**2 - 19*s + 8. Suppose 0 = -3*p - 5*z + 63, 4*z + 1 = p - z. Let l be y(p). Calculate the greatest common divisor of d and l.
24
Let f(t) = -2*t**3 + 179*t**2 - 265*t + 120. Let v be f(88). Calculate the greatest common divisor of v and 126.
2
Let y = 1653 + -1457. Calculate the highest common factor of y and 637.
49
Let w(j) = -j - 31. Suppose -11*n - 62 = -7. Let a(r) = -3*r - 61. Let v(s) = n*w(s) + 3*a(s). Let t be v(-8). Calculate the highest common divisor of t and 4.
4
Suppose -23*z + 11*z + 300 = 0. Let g be z/10*4 - (-12)/4. Calculate the greatest common divisor of g and 208.
13
Suppose 5*f + 1730 = 105. Let y = f + 557. Suppose 4*r - 20 = 0, 3*r + 67 = 3*b - r. What is the highest common divisor of b and y?
29
Let a(q) = -q**3 - 7*q**2 + 2*q + 15. Let u be a(-9). Let v = u - -11. What is the highest common divisor of v and 34?
34
Let y(d) = -12*d + 108. Let l be y(9). Suppose -4*f + 80 = 67*p - 71*p, p - 3 = l. What is the highest common factor of f and 69?
23
Let w be (4/6)/((-2)/6). Suppose -1538*a + 1536*a - 3*b = 47, -4*b = -3*a - 96. Let q = w - a. What is the highest common divisor of 130 and q?
26
Let y be (1 + 5 + -1)*(-17 - -11). Let g = 34 + y. Suppose -4*r + 8 = -2*v + r, 0 = 2*v + g*r - 10. Calculate the greatest common factor of 11 and v.
1
Suppose -4*z + 4955 = 5*p - 754, 3*z + 5*p = 4283. Calculate the greatest common divisor of z and 276.
46
Let b = 18 - -13. Let g(w) = -141*w + 3195. Let m be g(22). What is the highest common factor of b and m?
31
Suppose 5*v - 952 = 13*v. Let r be 2 + 0 + ((-126)/(-1))/1. Let w = r + v. What is the highest common factor of w and 12?
3
Let n(u) = 2*u**2 + 5*u - 4. Let d be n(-4). Let g = -14251 - -14259. Calculate the greatest common divisor of g and d.
8
Let z = -220 + 330. Let n be (-8)/(-6*(-6)/(-198)). Calculate the greatest common divisor of z and n.
22
Let o(x) = -9 + 3 + 3*x**3 + 7 + x**2 - 3*x**2. Let z be o(1). Suppose r - 30 = 5*k, k = -z*r - 2*k + 8. Calculate the greatest common factor of 5 and r.
5
Suppose 13*f + 19*o - 20*o = 3740, -2*o + 296 = f. Calculate the greatest common divisor of f and 480.
96
Let l = 3053 + -3011. Let d(w) = -19*w + 10. Let y be d(-5). Calculate the highest common divisor of l and y.
21
Let l(t) = 2*t + 2. Let s be l(-2). Let o be (-130 - (0 - 1))*2/s. Calculate the highest common factor of 43 and o.
43
Let c be (48 - (1 - -1)) + 2. Suppose -29 + 12 = -17*z. Let f(t) = 16*t**3 - t**2 + 2*t - 1. Let o be f(z). Calculate the highest common factor of c and o.
16
Let u(z) = 10*z - 77. Let j be u(8). Let l be j/12*68 - (-1 - 0). What is the highest common factor of l and 234?
18
Let d(b) = b**2 - 3*b - 9. Let s be d(-3). What is the highest common factor of s and 774?
9
Let r be 193 + 2 - (-2 + 1 - 2). Let g = r - -42. Suppose -g = d - 6*d. Calculate the highest common factor of d and 16.
16
Suppose -16*c - 44*c = 32*c - 2969668. Calculate the greatest common divisor of 13 and c.
13
Suppose 3*z = -c + 30903, 257*z - 20612 = 255*z - 4*c. Calculate the greatest common divisor of z and 25.
25
Let n be (-1365)/3 - (-2 + 8)/2. Let f = n - -526. Calculate the greatest common factor of 272 and f.
68
Let c = 24700 - 15130. What is the greatest common divisor of 660 and c?
330
Suppose -3*y = -0*y - 765. Let f(z) = -2*z**2 + 117*z - 585. Let m be f(6). What is the highest common divisor of y and m?
15
Let c = -2117 - -2063. Suppose -4*s - 135 + 543 = 0. Let m = s + c. Calculate the greatest common factor of 12 and m.
12
Suppose 0 = 17*w - 8543 + 6996. What is the highest common divisor of 672 and w?
7
Let q(b) = b - 53. Let w be q(10). Let r = w - -53. Calculate the highest common divisor of r and 12.
2
Let d = -100 - -86. Let g be 39 - (-20)/14*d/4. Calculate the highest common divisor of g and 34.
34
Let k = 4 + -5. Let d be (0 + 10)/(k/(-40)). Let z be ((-3920)/(-96))/(-49) + (-305)/(-6). Calculate the greatest common factor of z and d.
50
Suppose 5*i = 5*j + 2470, -5*i + 3*j + 276 + 2206 = 0. What is the greatest common divisor of i and 1625?
125
Let h(r) = r**2 + 0*r - 6 - 8*r**3 + 28*r**3 - 22*r**3 + r. Let w be h(-2). Let g be (-129)/(-54)*3 - 2/w. What is the greatest common factor of 1 and g?
1
Let s(x) = -103 + 90 + 12*x - 10*x**2 + 9*x**2. Let r be s(10). Calculate the greatest common divisor of 231 and r.
7
Let w(k) = 13*k**2 + 40*k - 138. Let o be w(-6). What is the highest common divisor of 40 and o?
10
Suppose -4408 = -18*c - 11*c. Suppose c - 174 = -11*v. Calculate the highest common divisor of v and 16.
2
Suppose -t + 2*x + 2*x - 6 = 0, -21 = -4*t + x. Suppose -50 = -t*y - 14. Calculate the greatest common factor of 30 and y.
6
Let z(o) = -24*o + 1460. Let g be z(0).